[INFO] fetching crate serial-win 0.2.0...
[INFO] checking serial-win-0.2.0 against master#9610dfe5a9a731ced1ea4923ecbd0c57fe367898 for beta-170-4
[INFO] extracting crate serial-win 0.2.0 into /workspace/builds/worker-0-tc1/source
[INFO] validating manifest of crates.io crate serial-win 0.2.0 on toolchain 9610dfe5a9a731ced1ea4923ecbd0c57fe367898
[INFO] running `Command { std: CARGO_HOME="/workspace/cargo-home" RUSTUP_HOME="/workspace/rustup-home" "/workspace/cargo-home/bin/cargo" "+9610dfe5a9a731ced1ea4923ecbd0c57fe367898" "metadata" "--manifest-path" "Cargo.toml" "--no-deps", kill_on_drop: false }`
[INFO] started tweaking crates.io crate serial-win 0.2.0
[INFO] finished tweaking crates.io crate serial-win 0.2.0
[INFO] tweaked toml for crates.io crate serial-win 0.2.0 written to /workspace/builds/worker-0-tc1/source/Cargo.toml
[INFO] running `Command { std: CARGO_HOME="/workspace/cargo-home" RUSTUP_HOME="/workspace/rustup-home" __CARGO_TEST_CHANNEL_OVERRIDE_DO_NOT_USE_THIS="nightly" "/workspace/cargo-home/bin/cargo" "+9610dfe5a9a731ced1ea4923ecbd0c57fe367898" "generate-lockfile" "--manifest-path" "Cargo.toml" "-Zno-index-update", kill_on_drop: false }`
[INFO] running `Command { std: CARGO_HOME="/workspace/cargo-home" RUSTUP_HOME="/workspace/rustup-home" "/workspace/cargo-home/bin/cargo" "+9610dfe5a9a731ced1ea4923ecbd0c57fe367898" "fetch" "--manifest-path" "Cargo.toml", kill_on_drop: false }`
[INFO] running `Command { std: "docker" "create" "-v" "/var/lib/crater-agent-workspace/builds/worker-0-tc1/target:/opt/rustwide/target:rw,Z" "-v" "/var/lib/crater-agent-workspace/builds/worker-0-tc1/source:/opt/rustwide/workdir:ro,Z" "-v" "/var/lib/crater-agent-workspace/cargo-home:/opt/rustwide/cargo-home:ro,Z" "-v" "/var/lib/crater-agent-workspace/rustup-home:/opt/rustwide/rustup-home:ro,Z" "-e" "SOURCE_DIR=/opt/rustwide/workdir" "-e" "CARGO_TARGET_DIR=/opt/rustwide/target" "-e" "CARGO_HOME=/opt/rustwide/cargo-home" "-e" "RUSTUP_HOME=/opt/rustwide/rustup-home" "-w" "/opt/rustwide/workdir" "-m" "1610612736" "--user" "0:0" "--network" "none" "ghcr.io/rust-lang/crates-build-env/linux@sha256:19e73879b68f455e41552ea35293514db52ea292d993f571636dbffedb77a1ee" "/opt/rustwide/cargo-home/bin/cargo" "+9610dfe5a9a731ced1ea4923ecbd0c57fe367898" "metadata" "--no-deps" "--format-version=1", kill_on_drop: false }`
[INFO] [stdout] 65837df650d6eb983cb3b55b38f031cf7d524dd7640f2a0f5d185a0c13ed8b59
[INFO] running `Command { std: "docker" "start" "-a" "65837df650d6eb983cb3b55b38f031cf7d524dd7640f2a0f5d185a0c13ed8b59", kill_on_drop: false }`
[INFO] running `Command { std: "docker" "inspect" "65837df650d6eb983cb3b55b38f031cf7d524dd7640f2a0f5d185a0c13ed8b59", kill_on_drop: false }`
[INFO] running `Command { std: "docker" "rm" "-f" "65837df650d6eb983cb3b55b38f031cf7d524dd7640f2a0f5d185a0c13ed8b59", kill_on_drop: false }`
[INFO] [stdout] 65837df650d6eb983cb3b55b38f031cf7d524dd7640f2a0f5d185a0c13ed8b59
[INFO] running `Command { std: "docker" "create" "-v" "/var/lib/crater-agent-workspace/builds/worker-0-tc1/target:/opt/rustwide/target:rw,Z" "-v" "/var/lib/crater-agent-workspace/builds/worker-0-tc1/source:/opt/rustwide/workdir:ro,Z" "-v" "/var/lib/crater-agent-workspace/cargo-home:/opt/rustwide/cargo-home:ro,Z" "-v" "/var/lib/crater-agent-workspace/rustup-home:/opt/rustwide/rustup-home:ro,Z" "-e" "SOURCE_DIR=/opt/rustwide/workdir" "-e" "CARGO_TARGET_DIR=/opt/rustwide/target" "-e" "CARGO_INCREMENTAL=0" "-e" "RUST_BACKTRACE=full" "-e" "RUSTFLAGS=--cap-lints=forbid" "-e" "RUSTDOCFLAGS=--cap-lints=forbid" "-e" "CARGO_HOME=/opt/rustwide/cargo-home" "-e" "RUSTUP_HOME=/opt/rustwide/rustup-home" "-w" "/opt/rustwide/workdir" "-m" "1610612736" "--user" "0:0" "--network" "none" "ghcr.io/rust-lang/crates-build-env/linux@sha256:19e73879b68f455e41552ea35293514db52ea292d993f571636dbffedb77a1ee" "/opt/rustwide/cargo-home/bin/cargo" "+9610dfe5a9a731ced1ea4923ecbd0c57fe367898" "check" "--frozen" "--all" "--all-targets" "--message-format=json", kill_on_drop: false }`
[INFO] [stdout] 38552e4a78bdea462d0715fc0fd6f6dcba13ed64af9ee9a796217b7bd43deb3a
[INFO] running `Command { std: "docker" "start" "-a" "38552e4a78bdea462d0715fc0fd6f6dcba13ed64af9ee9a796217b7bd43deb3a", kill_on_drop: false }`
[INFO] [stderr]     Checking bitflags v2.3.1
[INFO] [stderr]     Checking serial-win v0.2.0 (/opt/rustwide/workdir)
[INFO] [stdout] error: no rules expected the token `flags`
[INFO] [stdout]    --> src/ffi.rs:32:2
[INFO] [stdout]     |
[INFO] [stdout] 32  |     flags DCBFlags: WORD {
[INFO] [stdout]     |     ^^^^^ no rules expected this token in macro call
[INFO] [stdout]     |
[INFO] [stdout] note: while trying to match `struct`
[INFO] [stdout]    --> /opt/rustwide/cargo-home/registry/src/index.crates.io-6f17d22bba15001f/bitflags-2.3.1/src/lib.rs:560:18
[INFO] [stdout]     |
[INFO] [stdout] 560 |         $vis:vis struct $BitFlags:ident: $T:ty {
[INFO] [stdout]     |                  ^^^^^^
[INFO] [stdout] 
[INFO] [stdout] 
[INFO] [stdout] error: no rules expected the token `flags`
[INFO] [stdout]    --> src/ffi.rs:32:2
[INFO] [stdout]     |
[INFO] [stdout] 32  |     flags DCBFlags: WORD {
[INFO] [stdout]     |     ^^^^^ no rules expected this token in macro call
[INFO] [stdout]     |
[INFO] [stdout] note: while trying to match `struct`
[INFO] [stdout]    --> /opt/rustwide/cargo-home/registry/src/index.crates.io-6f17d22bba15001f/bitflags-2.3.1/src/lib.rs:560:18
[INFO] [stdout]     |
[INFO] [stdout] 560 |         $vis:vis struct $BitFlags:ident: $T:ty {
[INFO] [stdout]     |                  ^^^^^^
[INFO] [stdout] 
[INFO] [stdout] 
[INFO] [stdout] error: no rules expected the token `flags`
[INFO] [stdout]    --> src/ffi.rs:111:2
[INFO] [stdout]     |
[INFO] [stdout] 111 |     flags CommEventFlags: DWORD {
[INFO] [stdout]     |     ^^^^^ no rules expected this token in macro call
[INFO] [stdout]     |
[INFO] [stdout] note: while trying to match `struct`
[INFO] [stdout]    --> /opt/rustwide/cargo-home/registry/src/index.crates.io-6f17d22bba15001f/bitflags-2.3.1/src/lib.rs:560:18
[INFO] [stdout]     |
[INFO] [stdout] 560 |         $vis:vis struct $BitFlags:ident: $T:ty {
[INFO] [stdout]     |                  ^^^^^^
[INFO] [stdout] 
[INFO] [stdout] 
[INFO] [stdout] error: no rules expected the token `flags`
[INFO] [stdout]    --> src/ffi.rs:111:2
[INFO] [stdout]     |
[INFO] [stdout] 111 |     flags CommEventFlags: DWORD {
[INFO] [stdout]     |     ^^^^^ no rules expected this token in macro call
[INFO] [stdout]     |
[INFO] [stdout] note: while trying to match `struct`
[INFO] [stdout]    --> /opt/rustwide/cargo-home/registry/src/index.crates.io-6f17d22bba15001f/bitflags-2.3.1/src/lib.rs:560:18
[INFO] [stdout]     |
[INFO] [stdout] 560 |         $vis:vis struct $BitFlags:ident: $T:ty {
[INFO] [stdout]     |                  ^^^^^^
[INFO] [stdout] 
[INFO] [stdout] 
[INFO] [stdout] error: no rules expected the token `flags`
[INFO] [stdout]    --> src/ffi.rs:126:2
[INFO] [stdout]     |
[INFO] [stdout] 126 |     flags PurgeFlags: DWORD {
[INFO] [stdout]     |     ^^^^^ no rules expected this token in macro call
[INFO] [stdout]     |
[INFO] [stdout] note: while trying to match `struct`
[INFO] [stdout]    --> /opt/rustwide/cargo-home/registry/src/index.crates.io-6f17d22bba15001f/bitflags-2.3.1/src/lib.rs:560:18
[INFO] [stdout]     |
[INFO] [stdout] 560 |         $vis:vis struct $BitFlags:ident: $T:ty {
[INFO] [stdout]     |                  ^^^^^^
[INFO] [stdout] 
[INFO] [stdout] 
[INFO] [stdout] error: no rules expected the token `flags`
[INFO] [stdout]    --> src/ffi.rs:126:2
[INFO] [stdout]     |
[INFO] [stdout] 126 |     flags PurgeFlags: DWORD {
[INFO] [stdout]     |     ^^^^^ no rules expected this token in macro call
[INFO] [stdout]     |
[INFO] [stdout] note: while trying to match `struct`
[INFO] [stdout]    --> /opt/rustwide/cargo-home/registry/src/index.crates.io-6f17d22bba15001f/bitflags-2.3.1/src/lib.rs:560:18
[INFO] [stdout]     |
[INFO] [stdout] 560 |         $vis:vis struct $BitFlags:ident: $T:ty {
[INFO] [stdout]     |                  ^^^^^^
[INFO] [stdout] 
[INFO] [stdout] 
[INFO] [stdout] error[E0433]: failed to resolve: could not find `consts` in `libc`
[INFO] [stdout]   --> src/lib.rs:29:11
[INFO] [stdout]    |
[INFO] [stdout] 29 | use libc::consts::os::extra::*;
[INFO] [stdout]    |           ^^^^^^ could not find `consts` in `libc`
[INFO] [stdout] 
[INFO] [stdout] 
[INFO] [stdout] error[E0433]: failed to resolve: could not find `funcs` in `libc`
[INFO] [stdout]   --> src/lib.rs:30:11
[INFO] [stdout]    |
[INFO] [stdout] 30 | use libc::funcs::extra::kernel32;
[INFO] [stdout]    |           ^^^^^ could not find `funcs` in `libc`
[INFO] [stdout] 
[INFO] [stdout] 
[INFO] [stdout] error[E0433]: failed to resolve: could not find `consts` in `libc`
[INFO] [stdout]   --> src/lib.rs:29:11
[INFO] [stdout]    |
[INFO] [stdout] 29 | use libc::consts::os::extra::*;
[INFO] [stdout]    |           ^^^^^^ could not find `consts` in `libc`
[INFO] [stdout] 
[INFO] [stdout] 
[INFO] [stdout] error[E0433]: failed to resolve: could not find `funcs` in `libc`
[INFO] [stdout]   --> src/lib.rs:30:11
[INFO] [stdout]    |
[INFO] [stdout] 30 | use libc::funcs::extra::kernel32;
[INFO] [stdout]    |           ^^^^^ could not find `funcs` in `libc`
[INFO] [stdout] 
[INFO] [stdout] 
[INFO] [stdout] error[E0433]: failed to resolve: could not find `windows` in `os`
[INFO] [stdout]   --> src/lib.rs:36:14
[INFO] [stdout]    |
[INFO] [stdout] 36 | use std::os::windows::io::{ AsRawHandle, RawHandle };
[INFO] [stdout]    |              ^^^^^^^ could not find `windows` in `os`
[INFO] [stdout] 
[INFO] [stdout] 
[INFO] [stdout] error[E0433]: failed to resolve: could not find `windows` in `os`
[INFO] [stdout]   --> src/lib.rs:36:14
[INFO] [stdout]    |
[INFO] [stdout] 36 | use std::os::windows::io::{ AsRawHandle, RawHandle };
[INFO] [stdout]    |              ^^^^^^^ could not find `windows` in `os`
[INFO] [stdout] 
[INFO] [stdout] 
[INFO] [stdout] error[E0432]: unresolved import `libc::HANDLE`
[INFO] [stdout]   --> src/lib.rs:31:28
[INFO] [stdout]    |
[INFO] [stdout] 31 | use libc::{ c_void, c_int, HANDLE };
[INFO] [stdout]    |                            ^^^^^^ no `HANDLE` in the root
[INFO] [stdout] 
[INFO] [stdout] 
[INFO] [stdout] error[E0432]: unresolved import `libc::HANDLE`
[INFO] [stdout]   --> src/lib.rs:31:28
[INFO] [stdout]    |
[INFO] [stdout] 31 | use libc::{ c_void, c_int, HANDLE };
[INFO] [stdout]    |                            ^^^^^^ no `HANDLE` in the root
[INFO] [stdout] 
[INFO] [stdout] 
[INFO] [stdout] error[E0432]: unresolved imports `libc::HANDLE`, `libc::LPOVERLAPPED`, `libc::DWORD`, `libc::WORD`, `libc::BOOL`, `libc::BYTE`, `libc::SECURITY_ATTRIBUTES`
[INFO] [stdout]   --> src/ffi.rs:25:28
[INFO] [stdout]    |
[INFO] [stdout] 25 | use libc::{ c_int, c_char, HANDLE, LPOVERLAPPED, DWORD, WORD, BOOL, BYTE, SECURITY_ATTRIBUTES };
[INFO] [stdout]    |                            ^^^^^^  ^^^^^^^^^^^^  ^^^^^  ^^^^  ^^^^  ^^^^  ^^^^^^^^^^^^^^^^^^^
[INFO] [stdout]    |                            |       |             |      |     |     |     |
[INFO] [stdout]    |                            |       |             |      |     |     |     no `SECURITY_ATTRIBUTES` in the root
[INFO] [stdout]    |                            |       |             |      |     |     |     help: a similar name exists in the module: `_SC_FILE_ATTRIBUTES`
[INFO] [stdout]    |                            |       |             |      |     |     no `BYTE` in the root
[INFO] [stdout]    |                            |       |             |      |     no `BOOL` in the root
[INFO] [stdout]    |                            |       |             |      no `WORD` in the root
[INFO] [stdout]    |                            |       |             no `DWORD` in the root
[INFO] [stdout]    |                            |       no `LPOVERLAPPED` in the root
[INFO] [stdout]    |                            no `HANDLE` in the root
[INFO] [stdout]    |
[INFO] [stdout]    = help: consider importing this unresolved item instead:
[INFO] [stdout]            HANDLE
[INFO] [stdout] 
[INFO] [stdout] 
[INFO] [stdout] error[E0432]: unresolved imports `libc::HANDLE`, `libc::LPOVERLAPPED`, `libc::DWORD`, `libc::WORD`, `libc::BOOL`, `libc::BYTE`, `libc::SECURITY_ATTRIBUTES`
[INFO] [stdout]   --> src/ffi.rs:25:28
[INFO] [stdout]    |
[INFO] [stdout] 25 | use libc::{ c_int, c_char, HANDLE, LPOVERLAPPED, DWORD, WORD, BOOL, BYTE, SECURITY_ATTRIBUTES };
[INFO] [stdout]    |                            ^^^^^^  ^^^^^^^^^^^^  ^^^^^  ^^^^  ^^^^  ^^^^  ^^^^^^^^^^^^^^^^^^^
[INFO] [stdout]    |                            |       |             |      |     |     |     |
[INFO] [stdout]    |                            |       |             |      |     |     |     no `SECURITY_ATTRIBUTES` in the root
[INFO] [stdout]    |                            |       |             |      |     |     |     help: a similar name exists in the module: `_SC_FILE_ATTRIBUTES`
[INFO] [stdout]    |                            |       |             |      |     |     no `BYTE` in the root
[INFO] [stdout]    |                            |       |             |      |     no `BOOL` in the root
[INFO] [stdout]    |                            |       |             |      no `WORD` in the root
[INFO] [stdout]    |                            |       |             no `DWORD` in the root
[INFO] [stdout]    |                            |       no `LPOVERLAPPED` in the root
[INFO] [stdout]    |                            no `HANDLE` in the root
[INFO] [stdout]    |
[INFO] [stdout]    = help: consider importing this unresolved item instead:
[INFO] [stdout]            HANDLE
[INFO] [stdout] 
[INFO] [stdout] 
[INFO] [stdout] error[E0412]: cannot find type `DCBFlags` in this scope
[INFO] [stdout]   --> src/ffi.rs:57:13
[INFO] [stdout]    |
[INFO] [stdout] 57 |     pub flags: DCBFlags,
[INFO] [stdout]    |                ^^^^^^^^ not found in this scope
[INFO] [stdout] 
[INFO] [stdout] 
[INFO] [stdout] error[E0425]: cannot find value `DCBFDtrControl_lo` in this scope
[INFO] [stdout]   --> src/ffi.rs:76:46
[INFO] [stdout]    |
[INFO] [stdout] 76 |             DTR_CONTROL::DISABLE => self.flags.remove(DCBFDtrControl_lo | DCBFDtrControl_hi),
[INFO] [stdout]    |                                                       ^^^^^^^^^^^^^^^^^ not found in this scope
[INFO] [stdout] 
[INFO] [stdout] 
[INFO] [stdout] error[E0425]: cannot find value `DCBFDtrControl_hi` in this scope
[INFO] [stdout]   --> src/ffi.rs:76:66
[INFO] [stdout]    |
[INFO] [stdout] 76 |             DTR_CONTROL::DISABLE => self.flags.remove(DCBFDtrControl_lo | DCBFDtrControl_hi),
[INFO] [stdout]    |                                                                           ^^^^^^^^^^^^^^^^^ not found in this scope
[INFO] [stdout] 
[INFO] [stdout] 
[INFO] [stdout] error[E0425]: cannot find value `DCBFDtrControl_hi` in this scope
[INFO] [stdout]   --> src/ffi.rs:78:23
[INFO] [stdout]    |
[INFO] [stdout] 78 |                 self.flags.remove(DCBFDtrControl_hi);
[INFO] [stdout]    |                                   ^^^^^^^^^^^^^^^^^ not found in this scope
[INFO] [stdout] 
[INFO] [stdout] 
[INFO] [stdout] error[E0425]: cannot find value `DCBFDtrControl_lo` in this scope
[INFO] [stdout]   --> src/ffi.rs:79:23
[INFO] [stdout]    |
[INFO] [stdout] 79 |                 self.flags.insert(DCBFDtrControl_lo)
[INFO] [stdout]    |                                   ^^^^^^^^^^^^^^^^^ not found in this scope
[INFO] [stdout] 
[INFO] [stdout] 
[INFO] [stdout] error[E0425]: cannot find value `DCBFDtrControl_lo` in this scope
[INFO] [stdout]   --> src/ffi.rs:81:48
[INFO] [stdout]    |
[INFO] [stdout] 81 |             DTR_CONTROL::HANDSHAKE => self.flags.insert(DCBFDtrControl_lo | DCBFDtrControl_hi),
[INFO] [stdout]    |                                                         ^^^^^^^^^^^^^^^^^ not found in this scope
[INFO] [stdout] 
[INFO] [stdout] 
[INFO] [stdout] error[E0425]: cannot find value `DCBFDtrControl_hi` in this scope
[INFO] [stdout]   --> src/ffi.rs:81:68
[INFO] [stdout]    |
[INFO] [stdout] 81 |             DTR_CONTROL::HANDSHAKE => self.flags.insert(DCBFDtrControl_lo | DCBFDtrControl_hi),
[INFO] [stdout]    |                                                                             ^^^^^^^^^^^^^^^^^ not found in this scope
[INFO] [stdout] 
[INFO] [stdout] 
[INFO] [stdout] error[E0412]: cannot find type `PurgeFlags` in this scope
[INFO] [stdout]    --> src/ffi.rs:145:47
[INFO] [stdout]     |
[INFO] [stdout] 145 |     pub fn PurgeComm(file_handle: HANDLE, flags: PurgeFlags) -> BOOL;
[INFO] [stdout]     |                                                  ^^^^^^^^^^ not found in this scope
[INFO] [stdout] 
[INFO] [stdout] 
[INFO] [stdout] error[E0412]: cannot find type `CommEventFlags` in this scope
[INFO] [stdout]    --> src/ffi.rs:151:54
[INFO] [stdout]     |
[INFO] [stdout] 151 |     pub fn SetCommMask(file_handle: HANDLE, event_mask: CommEventFlags) -> BOOL;
[INFO] [stdout]     |                                                         ^^^^^^^^^^^^^^ not found in this scope
[INFO] [stdout] 
[INFO] [stdout] 
[INFO] [stdout] error[E0412]: cannot find type `CommEventFlags` in this scope
[INFO] [stdout]    --> src/ffi.rs:153:61
[INFO] [stdout]     |
[INFO] [stdout] 153 |     pub fn WaitCommEvent(file_handle: HANDLE, event_mask: *mut CommEventFlags,
[INFO] [stdout]     |                                                                ^^^^^^^^^^^^^^ not found in this scope
[INFO] [stdout] 
[INFO] [stdout] 
[INFO] [stdout] error[E0425]: cannot find value `GENERIC_READ` in this scope
[INFO] [stdout]   --> src/lib.rs:69:6
[INFO] [stdout]    |
[INFO] [stdout] 69 |                     GENERIC_READ | GENERIC_WRITE,
[INFO] [stdout]    |                     ^^^^^^^^^^^^ not found in this scope
[INFO] [stdout] 
[INFO] [stdout] 
[INFO] [stdout] error[E0425]: cannot find value `GENERIC_WRITE` in this scope
[INFO] [stdout]   --> src/lib.rs:69:21
[INFO] [stdout]    |
[INFO] [stdout] 69 |                     GENERIC_READ | GENERIC_WRITE,
[INFO] [stdout]    |                                    ^^^^^^^^^^^^^ not found in this scope
[INFO] [stdout] 
[INFO] [stdout] 
[INFO] [stdout] error[E0425]: cannot find value `OPEN_EXISTING` in this scope
[INFO] [stdout]   --> src/lib.rs:72:6
[INFO] [stdout]    |
[INFO] [stdout] 72 |                     OPEN_EXISTING,
[INFO] [stdout]    |                     ^^^^^^^^^^^^^ not found in this scope
[INFO] [stdout] 
[INFO] [stdout] 
[INFO] [stdout] error[E0425]: cannot find value `FILE_ATTRIBUTE_NORMAL` in crate `libc`
[INFO] [stdout]   --> src/lib.rs:73:12
[INFO] [stdout]    |
[INFO] [stdout] 73 |                     libc::FILE_ATTRIBUTE_NORMAL,
[INFO] [stdout]    |                           ^^^^^^^^^^^^^^^^^^^^^ not found in `libc`
[INFO] [stdout] 
[INFO] [stdout] 
[INFO] [stdout] error[E0425]: cannot find value `INVALID_HANDLE_VALUE` in this scope
[INFO] [stdout]   --> src/lib.rs:79:21
[INFO] [stdout]    |
[INFO] [stdout] 79 |         if comm_handle == INVALID_HANDLE_VALUE {
[INFO] [stdout]    |                           ^^^^^^^^^^^^^^^^^^^^ not found in this scope
[INFO] [stdout] 
[INFO] [stdout] 
[INFO] [stdout] error[E0425]: cannot find value `PURGE_RXCLEAR` in this scope
[INFO] [stdout]   --> src/lib.rs:95:49
[INFO] [stdout]    |
[INFO] [stdout] 95 |                         PurgeComm(*conn.comm_handle.borrow_mut(), PURGE_RXCLEAR | PURGE_TXCLEAR);
[INFO] [stdout]    |                                                                   ^^^^^^^^^^^^^ not found in this scope
[INFO] [stdout] 
[INFO] [stdout] 
[INFO] [stdout] error[E0425]: cannot find value `PURGE_TXCLEAR` in this scope
[INFO] [stdout]   --> src/lib.rs:95:65
[INFO] [stdout]    |
[INFO] [stdout] 95 |                         PurgeComm(*conn.comm_handle.borrow_mut(), PURGE_RXCLEAR | PURGE_TXCLEAR);
[INFO] [stdout]    |                                                                                   ^^^^^^^^^^^^^ not found in this scope
[INFO] [stdout] 
[INFO] [stdout] 
[INFO] [stdout] warning: use of deprecated function `std::thread::sleep_ms`: replaced by `std::thread::sleep`
[INFO] [stdout]    --> src/lib.rs:345:10
[INFO] [stdout]     |
[INFO] [stdout] 345 |     thread::sleep_ms(2000);
[INFO] [stdout]     |             ^^^^^^^^
[INFO] [stdout]     |
[INFO] [stdout]     = note: `#[warn(deprecated)]` on by default
[INFO] [stdout] 
[INFO] [stdout] 
[INFO] [stdout] warning: use of deprecated function `std::thread::sleep_ms`: replaced by `std::thread::sleep`
[INFO] [stdout]    --> src/lib.rs:428:11
[INFO] [stdout]     |
[INFO] [stdout] 428 |         thread::sleep_ms(2);
[INFO] [stdout]     |                 ^^^^^^^^
[INFO] [stdout] 
[INFO] [stdout] 
[INFO] [stdout] error[E0412]: cannot find type `DCBFlags` in this scope
[INFO] [stdout]   --> src/ffi.rs:57:13
[INFO] [stdout]    |
[INFO] [stdout] 57 |     pub flags: DCBFlags,
[INFO] [stdout]    |                ^^^^^^^^ not found in this scope
[INFO] [stdout] 
[INFO] [stdout] 
[INFO] [stdout] error[E0425]: cannot find value `DCBFDtrControl_lo` in this scope
[INFO] [stdout]   --> src/ffi.rs:76:46
[INFO] [stdout]    |
[INFO] [stdout] 76 |             DTR_CONTROL::DISABLE => self.flags.remove(DCBFDtrControl_lo | DCBFDtrControl_hi),
[INFO] [stdout]    |                                                       ^^^^^^^^^^^^^^^^^ not found in this scope
[INFO] [stdout] 
[INFO] [stdout] 
[INFO] [stdout] error[E0425]: cannot find value `DCBFDtrControl_hi` in this scope
[INFO] [stdout]   --> src/ffi.rs:76:66
[INFO] [stdout]    |
[INFO] [stdout] 76 |             DTR_CONTROL::DISABLE => self.flags.remove(DCBFDtrControl_lo | DCBFDtrControl_hi),
[INFO] [stdout]    |                                                                           ^^^^^^^^^^^^^^^^^ not found in this scope
[INFO] [stdout] 
[INFO] [stdout] 
[INFO] [stdout] error[E0425]: cannot find value `DCBFDtrControl_hi` in this scope
[INFO] [stdout]   --> src/ffi.rs:78:23
[INFO] [stdout]    |
[INFO] [stdout] 78 |                 self.flags.remove(DCBFDtrControl_hi);
[INFO] [stdout]    |                                   ^^^^^^^^^^^^^^^^^ not found in this scope
[INFO] [stdout] 
[INFO] [stdout] 
[INFO] [stdout] error[E0425]: cannot find value `DCBFDtrControl_lo` in this scope
[INFO] [stdout]   --> src/ffi.rs:79:23
[INFO] [stdout]    |
[INFO] [stdout] 79 |                 self.flags.insert(DCBFDtrControl_lo)
[INFO] [stdout]    |                                   ^^^^^^^^^^^^^^^^^ not found in this scope
[INFO] [stdout] 
[INFO] [stdout] 
[INFO] [stdout] error[E0425]: cannot find value `DCBFDtrControl_lo` in this scope
[INFO] [stdout]   --> src/ffi.rs:81:48
[INFO] [stdout]    |
[INFO] [stdout] 81 |             DTR_CONTROL::HANDSHAKE => self.flags.insert(DCBFDtrControl_lo | DCBFDtrControl_hi),
[INFO] [stdout]    |                                                         ^^^^^^^^^^^^^^^^^ not found in this scope
[INFO] [stdout] 
[INFO] [stdout] 
[INFO] [stdout] error[E0425]: cannot find value `DCBFDtrControl_hi` in this scope
[INFO] [stdout]   --> src/ffi.rs:81:68
[INFO] [stdout]    |
[INFO] [stdout] 81 |             DTR_CONTROL::HANDSHAKE => self.flags.insert(DCBFDtrControl_lo | DCBFDtrControl_hi),
[INFO] [stdout]    |                                                                             ^^^^^^^^^^^^^^^^^ not found in this scope
[INFO] [stdout] 
[INFO] [stdout] 
[INFO] [stdout] error[E0412]: cannot find type `PurgeFlags` in this scope
[INFO] [stdout]    --> src/ffi.rs:145:47
[INFO] [stdout]     |
[INFO] [stdout] 145 |     pub fn PurgeComm(file_handle: HANDLE, flags: PurgeFlags) -> BOOL;
[INFO] [stdout]     |                                                  ^^^^^^^^^^ not found in this scope
[INFO] [stdout] 
[INFO] [stdout] 
[INFO] [stdout] error[E0412]: cannot find type `CommEventFlags` in this scope
[INFO] [stdout]    --> src/ffi.rs:151:54
[INFO] [stdout]     |
[INFO] [stdout] 151 |     pub fn SetCommMask(file_handle: HANDLE, event_mask: CommEventFlags) -> BOOL;
[INFO] [stdout]     |                                                         ^^^^^^^^^^^^^^ not found in this scope
[INFO] [stdout] 
[INFO] [stdout] 
[INFO] [stdout] error[E0412]: cannot find type `CommEventFlags` in this scope
[INFO] [stdout]    --> src/ffi.rs:153:61
[INFO] [stdout]     |
[INFO] [stdout] 153 |     pub fn WaitCommEvent(file_handle: HANDLE, event_mask: *mut CommEventFlags,
[INFO] [stdout]     |                                                                ^^^^^^^^^^^^^^ not found in this scope
[INFO] [stdout] 
[INFO] [stdout] 
[INFO] [stdout] error[E0425]: cannot find value `GENERIC_READ` in this scope
[INFO] [stdout]   --> src/lib.rs:69:6
[INFO] [stdout]    |
[INFO] [stdout] 69 |                     GENERIC_READ | GENERIC_WRITE,
[INFO] [stdout]    |                     ^^^^^^^^^^^^ not found in this scope
[INFO] [stdout] 
[INFO] [stdout] 
[INFO] [stdout] error[E0425]: cannot find value `GENERIC_WRITE` in this scope
[INFO] [stdout]   --> src/lib.rs:69:21
[INFO] [stdout]    |
[INFO] [stdout] 69 |                     GENERIC_READ | GENERIC_WRITE,
[INFO] [stdout]    |                                    ^^^^^^^^^^^^^ not found in this scope
[INFO] [stdout] 
[INFO] [stdout] 
[INFO] [stdout] error[E0425]: cannot find value `OPEN_EXISTING` in this scope
[INFO] [stdout]   --> src/lib.rs:72:6
[INFO] [stdout]    |
[INFO] [stdout] 72 |                     OPEN_EXISTING,
[INFO] [stdout]    |                     ^^^^^^^^^^^^^ not found in this scope
[INFO] [stdout] 
[INFO] [stdout] 
[INFO] [stdout] error[E0425]: cannot find value `FILE_ATTRIBUTE_NORMAL` in crate `libc`
[INFO] [stdout]   --> src/lib.rs:73:12
[INFO] [stdout]    |
[INFO] [stdout] 73 |                     libc::FILE_ATTRIBUTE_NORMAL,
[INFO] [stdout]    |                           ^^^^^^^^^^^^^^^^^^^^^ not found in `libc`
[INFO] [stdout] 
[INFO] [stdout] 
[INFO] [stdout] error[E0425]: cannot find value `INVALID_HANDLE_VALUE` in this scope
[INFO] [stdout]   --> src/lib.rs:79:21
[INFO] [stdout]    |
[INFO] [stdout] 79 |         if comm_handle == INVALID_HANDLE_VALUE {
[INFO] [stdout]    |                           ^^^^^^^^^^^^^^^^^^^^ not found in this scope
[INFO] [stdout] 
[INFO] [stdout] 
[INFO] [stdout] error[E0425]: cannot find value `PURGE_RXCLEAR` in this scope
[INFO] [stdout]   --> src/lib.rs:95:49
[INFO] [stdout]    |
[INFO] [stdout] 95 |                         PurgeComm(*conn.comm_handle.borrow_mut(), PURGE_RXCLEAR | PURGE_TXCLEAR);
[INFO] [stdout]    |                                                                   ^^^^^^^^^^^^^ not found in this scope
[INFO] [stdout] 
[INFO] [stdout] 
[INFO] [stdout] error[E0425]: cannot find value `PURGE_TXCLEAR` in this scope
[INFO] [stdout]   --> src/lib.rs:95:65
[INFO] [stdout]    |
[INFO] [stdout] 95 |                         PurgeComm(*conn.comm_handle.borrow_mut(), PURGE_RXCLEAR | PURGE_TXCLEAR);
[INFO] [stdout]    |                                                                                   ^^^^^^^^^^^^^ not found in this scope
[INFO] [stdout] 
[INFO] [stdout] 
[INFO] [stdout] error: aborting due to 25 previous errors; 2 warnings emitted
[INFO] [stdout] 
[INFO] [stdout] 
[INFO] [stdout] Some errors have detailed explanations: E0412, E0425, E0432, E0433.
[INFO] [stdout] 
[INFO] [stdout] For more information about an error, try `rustc --explain E0412`.
[INFO] [stdout] 
[INFO] [stdout] error: aborting due to 25 previous errors
[INFO] [stdout] 
[INFO] [stdout] 
[INFO] [stdout] Some errors have detailed explanations: E0412, E0425, E0432, E0433.
[INFO] [stdout] 
[INFO] [stdout] For more information about an error, try `rustc --explain E0412`.
[INFO] [stdout] 
[INFO] [stderr] error: could not compile `serial-win` (lib test) due to 26 previous errors; 2 warnings emitted
[INFO] [stderr] warning: build failed, waiting for other jobs to finish...
[INFO] [stderr] error: could not compile `serial-win` (lib) due to 26 previous errors
[INFO] running `Command { std: "docker" "inspect" "38552e4a78bdea462d0715fc0fd6f6dcba13ed64af9ee9a796217b7bd43deb3a", kill_on_drop: false }`
[INFO] running `Command { std: "docker" "rm" "-f" "38552e4a78bdea462d0715fc0fd6f6dcba13ed64af9ee9a796217b7bd43deb3a", kill_on_drop: false }`
[INFO] [stdout] 38552e4a78bdea462d0715fc0fd6f6dcba13ed64af9ee9a796217b7bd43deb3a
